vided by 28240?
47
What is the remainder when 252933 is divided by 61223?
8041
What is the remainder when 1034498 is divided by 68953?
203
Calculate the remainder when 560171 is divided by 353.
313
What is the remainder when 8218931 is divided by 588?
455
What is the remainder when 862486 is divided by 26952?
22
What is the remainder when 1639070 is divided by 56?
6
Calculate the remainder when 11796931 is divided by 193.
192
What is the remainder when 42912 is divided by 8524?
292
Calculate the remainder when 12485 is divided by 1965.
695
What is the remainder when 603512 is divided by 301448?
616
What is the remainder when 3381872 is divided by 3322?
76
Calculate the remainder when 36135230 is divided by 306.
302
What is the remainder when 737069294 is divided by 619?
615
What is the remainder when 1238044 is divided by 44?
16
What is the remainder when 82584994 is divided by 299?
297
Calculate the remainder when 371201452 is divided by 20.
12
What is the remainder when 685031 is divided by 1123?
1
What is the remainder when 10770206 is divided by 2692549?
10
Calculate the remainder when 219626 is divided by 43784.
706
What is the remainder when 1155368877 is divided by 135?
132
Calculate the remainder when 239625 is divided by 722.
643
What is the remainder when 47383 is divided by 2313?
1123
Calculate the remainder when 77872600 is divided by 141.
133
What is the remainder when 4188 is divided by 13?
2
Calculate the remainder when 2240866 is divided by 1554.
1552
Calculate the remainder when 12239020 is divided by 259.
234
Calculate the remainder when 936385 is divided by 490.
485
Calculate the remainder when 460566 is divided by 148.
138
Calculate the remainder when 19315179 is divided by 3.
0
What is the remainder when 35102292 is divided by 206484?
12
What is the remainder when 2871 is divided by 258?
33
Calculate the remainder when 49477066 is divided by 613.
610
What is the remainder when 36902524 is divided by 2131?
2128
Calculate the remainder when 48617 is divided by 612.
269
Calculate the remainder when 14537364 is divided by 1497.
1494
What is the remainder when 101422 is divided by 7746?
724
What is the remainder when 300075 is divided by 1240?
1235
What is the remainder when 14599525 is divided by 2919849?
280
Calculate the remainder when 23733571 is divided by 26.
17
What is the remainder when 46315 is divided by 300?
115
What is the remainder when 48180 is divided by 15988?
216
Calculate the remainder when 2319821 is divided by 128878.
17
What is the remainder when 27354 is divided by 9112?
18
What is the remainder when 143898 is divided by 721?
419
What is the remainder when 104241 is divided by 1253?
242
Calculate the remainder when 487620 is divided by 35.
0
What is the remainder when 159635238 is divided by 39908803?
26
Calculate the remainder when 111911293 is divided by 32.
29
What is the remainder when 10222578 is divided by 29291?
19
Calculate the remainder when 3838941 is divided by 806.
769
What is the remainder when 2135205 is divided by 96?
69
Calculate the remainder when 36340 is divided by 634.
202
Calculate the remainder when 75470 is divided by 991.
154
Calculate the remainder when 162112376 is divided by 619.
609
What is the remainder when 8199111 is divided by 689?
11
What is the remainder when 22993 is divided by 526?
375
What is the remainder when 12067108 is divided by 524655?
43
Calculate the remainder when 391271031 is divided by 7.
4
What is the remainder when 691851 is divided by 15373?
66
Calculate the remainder when 1191929 is divided by 755.
539
Calculate the remainder when 10855962 is divided by 106431.
0
What is the remainder when 8528320 is divided by 3527?
34
What is the remainder when 166754993 is divided by 89?
54
What is the remainder when 1912521 is divided by 77?
72
What is the remainder when 19679577 is divided by 87?
3
Calculate the remainder when 799896635 is divided by 814.
813
Calculate the remainder when 59910 is divided by 615.
255
Calculate the remainder when 577643 is divided by 62.
51
What is the remainder when 2924556 is divided by 1419?
1416
What is the remainder when 62904 is divided by 62903?
1
Calculate the remainder when 10046409 is divided by 9.
6
Calculate the remainder when 4479610 is divided by 127.
66
What is the remainder when 1869791 is divided by 12?
11
What is the remainder when 37187 is divided by 1767?
80
What is the remainder when 2538445 is divided by 5128?
85
What is the remainder when 7828617 is divided by 7608?
7593
What is the remainder when 2095478 is divided by 28?
14
What is the remainder when 7668316 is divided by 150359?
7
Calculate the remainder when 238260 is divided by 47615.
185
What is the remainder when 78142 is divided by 78135?
7
Calculate the remainder when 23361 is divided by 19639.
3722
What is the remainder when 7094716 is divided by 1418934?
46
What is the remainder when 41369 is divided by 237?
131
What is the remainder when 327082 is divided by 854?
0
Calculate the remainder when 8041477 is divided by 536097.
22
What is the remainder when 111585 is divided by 1412?
37
What is the remainder when 142546 is divided by 70011?
2524
Calculate the remainder when 8631693 is divided by 2012.
213
What is the remainder when 13541113 is divided by 7548?
1
Calculate the remainder when 2214720 is divided by 776.
16
Calculate the remainder when 1591679 is divided by 30.
29
Calculate the remainder when 10446501 is divided by 62.
59
Calculate the remainder when 1118108 is divided by 3039.
2795
What is the remainder when 19894477 is divided by 4359?
1
Calculate the remainder when 222333 is divided by 6431.
3679
What is the remainder when 735680 is divided by 20936?
2920
Calculate the remainder when 4056489 is divided by 45072.
9
What is the remainder when 17277103 is divided by 26?
25
Calculate the remainder when 31474958 is divided by 152791.
12
Calculate the remainder when 3964348 is divided by 975.
973
Calculate the remainder when 1658001 is divided by 18629.
20
Calculate the remainder when 3298678 is divided by 990.
988
Calculate the remainder when 160379 is divided by 1212.
395
Calculate the remainder when 19274705 is divided by 52.
21
What is the remainder when 40499 is divided by 5776?
67
What is the remainder when 2892003 is divided by 3518?
207
What is the remainder when 51363 is divided by 1608?
1515
Calculate the remainder when 1077546 is divided by 2264.
2146
Calculate the remainder when 2455538 is divided by 122776.
18
Calculate the remainder when 321252 is divided by 18896.
20
Calculate the remainder when 171060 is divided by 2192.
84
Calculate the remainder when 296818 is divided by 49463.
40
What is the remainder when 93003 is divided by 460?
83
What is the remainder when 22950661 is divided by 199?
190
Calculate the remainder when 93952 is divided by 93936.
16
What is the remainder when 1298388 is divided by 109?
89
What is the remainder when 1065341 is divided by 3248?
3245
Calculate the remainder when 323751 is divided by 887.
883
What is the remainder when 254080 is divided by 84690?
10
Calculate the remainder when 192345 is divided by 447.
135
What is the remainder when 18636 is divided by 8037?
2562
What is the remainder when 9607 is divided by 6899?
2708
Calculate the remainder when 6424028 is divided by 69.
59
What is the remainder when 1333112 is divided by 603?
482
Calculate the remainder when 3473690 is divided by 38.
34
What is the remainder when 2482116 is divided by 155131?
20
Calculate the remainder when 7077352 is divided by 605.
62
What is the remainder when 181087 is divided by 25858?
81
What is the remainder when 121282 is divided by 121201?
81
What is the remainder when 16789231 is divided by 389?
380
What is the remainder when 329655579 is divided by 9?
6
What is the remainder when 702581 is divided by 5446?
47
What is the remainder when 477220 is divided by 9929?
628
What is the remainder when 19947058 is divided by 638?
626
What is the remainder when 113697 is divided by 16132?
773
What is the remainder when 330943 is divided by 216?
31
What is the remainder when 19276 is divided by 9012?
1252
Calculate the remainder when 464350 is divided by 123.
25
What is the remainder when 31128 is divided by 5696?
2648
Calc